{"id":32,"date":"2024-05-17T19:12:55","date_gmt":"2024-05-17T17:12:55","guid":{"rendered":"https:\/\/motivaciomuhely.hu\/?page_id=32"},"modified":"2026-04-24T15:18:27","modified_gmt":"2026-04-24T13:18:27","slug":"ujrahasznositas","status":"publish","type":"page","link":"https:\/\/motivaciomuhely.hu\/en\/ujrahasznositas\/","title":{"rendered":"Sustainability and Community Reuse"},"content":{"rendered":"<p>At Motivation Collective, reuse and sustainability are a natural part of our responsible way of working.<\/p>\n\n\n\n<p class=\"text-justify\">At the Motivation Community Space, visitors can purchase second-hand clothing and books, as well as board games and publications developed by Motivation Collective. As a partner of Komposztfut\u00e1r, we also provide an opportunity to drop off compost.<\/p>\n\n\n\n<p class=\"text-justify\">Through these initiatives, we reduce environmental impact, strengthen a sense of community, and support the sustainable operation of Motivation Collective\u2019s programs.<\/p>\n\n\n\n<p class=\"text-justify\">You\u2019re welcome to visit us during opening hours: Tuesday, Wednesday, and Thursday between 10:00 AM and 3:00 PM.<\/p>\n\n\n\n<hr class=\"wp-block-separator has-text-color has-custom-sz-n-2-color has-alpha-channel-opacity has-custom-sz-n-2-background-color has-background is-style-wide\" style=\"margin-top:var(--wp--preset--spacing--30);margin-bottom:var(--wp--preset--spacing--30)\"\/>\n\n\n\n<p class=\"A Motiv\u00e1ci\u00f3 K\u00f6z\u00f6ss\u00e9gi T\u00e9rben tal\u00e1lhat\u00f3 k\u00f6nyvsarok k\u00f6nyveinek egy r\u00e9sze megv\u00e1s\u00e1rolhat\u00f3, adom\u00e1nyoz\u00f3ink \u00e1ltal felaj\u00e1nlott kiadv\u00e1ny, m\u00e1sik pedig helyben olvashat\u00f3 szakk\u00f6nyv. has-large-font-size\"><strong>Book Rescue Program<\/strong><\/p>\n\n\n\n<p class=\"has-text-align-left text-justify\">Our Book Rescue Program promotes both sustainability and a culture of reading.<br>In the book corner of the Motivation Community Space, some of the donated books are available for purchase, while others can be read on-site as reference materials. In this way, books are given a second life, and our shared space becomes a place for reading, self-education, and meaningful encounters.<br>If you have a book in good condition that you no longer need, we would be happy to accept it as a donation.<\/p>\n\n\n\n<p class=\"has-text-align-left text-justify\">Donated books are used in two ways: some are distributed directly to children and families living in poverty, while others are made available for purchase in the Community Space, helping to support our programs.<\/p>\n\n\n\n<hr class=\"wp-block-separator has-text-color has-custom-sz-n-2-color has-alpha-channel-opacity has-custom-sz-n-2-background-color has-background is-style-wide\" style=\"margin-top:var(--wp--preset--spacing--30);margin-bottom:var(--wp--preset--spacing--30)\"\/>\n\n\n\n<p class=\"A Motiv\u00e1ci\u00f3 K\u00f6z\u00f6ss\u00e9gi T\u00e9rben tal\u00e1lhat\u00f3 k\u00f6nyvsarok k\u00f6nyveinek egy r\u00e9sze megv\u00e1s\u00e1rolhat\u00f3, adom\u00e1nyoz\u00f3ink \u00e1ltal felaj\u00e1nlott kiadv\u00e1ny, m\u00e1sik pedig helyben olvashat\u00f3 szakk\u00f6nyv. has-large-font-size\"><strong>What can you donate?<\/strong><\/p>\n\n\n\n<p class=\"has-text-align-left text-justify\">At the moment, we are only able to accept books as donations. Other types of donations can only be accepted following prior consultation.<\/p>\n\n\n\n<p class=\"has-text-align-left text-justify\">Donations can be dropped off exclusively at the Motivation Community Space; unfortunately, we are not able to accept them at our after-school program locations.<\/p>\n\n\n\n<hr class=\"wp-block-separator has-text-color has-custom-sz-n-2-color has-alpha-channel-opacity has-custom-sz-n-2-background-color has-background is-style-wide\" style=\"margin-top:var(--wp--preset--spacing--30);margin-bottom:var(--wp--preset--spacing--30)\"\/>\n\n\n\n<p class=\"A Motiv\u00e1ci\u00f3 K\u00f6z\u00f6ss\u00e9gi T\u00e9rben tal\u00e1lhat\u00f3 k\u00f6nyvsarok k\u00f6nyveinek egy r\u00e9sze megv\u00e1s\u00e1rolhat\u00f3, adom\u00e1nyoz\u00f3ink \u00e1ltal felaj\u00e1nlott kiadv\u00e1ny, m\u00e1sik pedig helyben olvashat\u00f3 szakk\u00f6nyv. has-large-font-size\"><strong>Compost Drop-Off<\/strong><\/p>\n\n\n\n<p class=\"has-text-align-left text-justify\">As a partner of <a href=\"https:\/\/www.facebook.com\/okotengely.komposztfutar\" data-type=\"link\" data-id=\"https:\/\/www.facebook.com\/okotengely.komposztfutar\">Komposztfut\u00e1r,<\/a> the Motivation Community Space also provides an opportunity to drop off compost. Through this initiative, we aim to support environmentally conscious practices within the local community.<\/p>\n\n\n\n<p class=\"has-text-align-left text-justify\">For details about compost drop-off, we recommend checking our contact channels or the Komposztfut\u00e1r platforms in advance.<\/p>\n\n\n\n<hr class=\"wp-block-separator has-text-color has-custom-sz-n-2-color has-alpha-channel-opacity has-custom-sz-n-2-background-color has-background is-style-wide\" style=\"margin-top:var(--wp--preset--spacing--30);margin-bottom:var(--wp--preset--spacing--30)\"\/>\n\n\n\n<p class=\"A Motiv\u00e1ci\u00f3 K\u00f6z\u00f6ss\u00e9gi T\u00e9rben tal\u00e1lhat\u00f3 k\u00f6nyvsarok k\u00f6nyveinek egy r\u00e9sze megv\u00e1s\u00e1rolhat\u00f3, adom\u00e1nyoz\u00f3ink \u00e1ltal felaj\u00e1nlott kiadv\u00e1ny, m\u00e1sik pedig helyben olvashat\u00f3 szakk\u00f6nyv. has-large-font-size\"><strong>Key Details<\/strong><\/p>\n\n\n\n<p class=\"has-text-align-left text-justify\">Location: Motivation Community Space, Szeged, Feketasas u. 28\/A<br>Opening hours: Tuesday\u2013Thursday, 10:00 AM\u20133:00 PM<br>Donations: currently limited to books<br>Contact: <a href=\"tel:36204440008\" data-type=\"tel\" data-id=\"tel:36204440008\">+36204440008<\/a><\/p>","protected":false},"excerpt":{"rendered":"<p>A Motiv\u00e1ci\u00f3 M\u0171hely sz\u00e1m\u00e1ra az \u00fajrahasznos\u00edt\u00e1s \u00e9s a fenntarthat\u00f3s\u00e1g a felel\u0151s m\u0171k\u00f6d\u00e9s term\u00e9szetes r\u00e9sze. A K\u00f6z\u00f6ss\u00e9gi T\u00e9rben lehet\u0151s\u00e9g van haszn\u00e1lt ruh\u00e1k \u00e9s k\u00f6nyvek, valamint a Motiv\u00e1ci\u00f3 M\u0171hely saj\u00e1t fejleszt\u00e9s\u0171 t\u00e1rsasj\u00e1t\u00e9kainak \u00e9s kiadv\u00e1nyainak a megv\u00e1s\u00e1rl\u00e1s\u00e1ra, tov\u00e1bb\u00e1 a Komposztfut\u00e1r partnerek\u00e9nt komposzt lead\u00e1s\u00e1ra is. Ezekkel a kezdem\u00e9nyez\u00e9sekkel egyszerre cs\u00f6kkentj\u00fck a k\u00f6rnyezeti terhel\u00e9st, er\u0151s\u00edtj\u00fck a k\u00f6z\u00f6ss\u00e9gi szeml\u00e9letet, \u00e9s t\u00e1mogatjuk&#8230;<\/p>","protected":false},"author":1,"featured_media":0,"parent":0,"menu_order":0,"comment_status":"closed","ping_status":"closed","template":"","meta":{"footnotes":""},"class_list":["post-32","page","type-page","status-publish","hentry"],"_links":{"self":[{"href":"https:\/\/motivaciomuhely.hu\/en\/wp-json\/wp\/v2\/pages\/32","targetHints":{"allow":["GET"]}}],"collection":[{"href":"https:\/\/motivaciomuhely.hu\/en\/wp-json\/wp\/v2\/pages"}],"about":[{"href":"https:\/\/motivaciomuhely.hu\/en\/wp-json\/wp\/v2\/types\/page"}],"author":[{"embeddable":true,"href":"https:\/\/motivaciomuhely.hu\/en\/wp-json\/wp\/v2\/users\/1"}],"replies":[{"embeddable":true,"href":"https:\/\/motivaciomuhely.hu\/en\/wp-json\/wp\/v2\/comments?post=32"}],"version-history":[{"count":21,"href":"https:\/\/motivaciomuhely.hu\/en\/wp-json\/wp\/v2\/pages\/32\/revisions"}],"predecessor-version":[{"id":1555,"href":"https:\/\/motivaciomuhely.hu\/en\/wp-json\/wp\/v2\/pages\/32\/revisions\/1555"}],"wp:attachment":[{"href":"https:\/\/motivaciomuhely.hu\/en\/wp-json\/wp\/v2\/media?parent=32"}],"curies":[{"name":"wp","href":"https:\/\/api.w.org\/{rel}","templated":true}]}}

<p>At Motivation Collective, reuse and sustainability are a natural part of our responsible way of working.</p>



<p class="text-justify">At the Motivation Community Space, visitors can purchase second-hand clothing and books, as well as board games and publications developed by Motivation Collective. As a partner of Komposztfutár, we also provide an opportunity to drop off compost.</p>



<p class="text-justify">Through these initiatives, we reduce environmental impact, strengthen a sense of community, and support the sustainable operation of Motivation Collective’s programs.</p>



<p class="text-justify">You’re welcome to visit us during opening hours: Tuesday, Wednesday, and Thursday between 10:00 AM and 3:00 PM.</p>



<hr class="wp-block-separator has-text-color has-custom-sz-n-2-color has-alpha-channel-opacity has-custom-sz-n-2-background-color has-background is-style-wide" style="margin-top:var(--wp--preset--spacing--30);margin-bottom:var(--wp--preset--spacing--30)"/>



<p class="A Motiváció Közösségi Térben található könyvsarok könyveinek egy része megvásárolható, adományozóink által felajánlott kiadvány, másik pedig helyben olvasható szakkönyv. has-large-font-size"><strong>Book Rescue Program</strong></p>



<p class="has-text-align-left text-justify">Our Book Rescue Program promotes both sustainability and a culture of reading.<br>In the book corner of the Motivation Community Space, some of the donated books are available for purchase, while others can be read on-site as reference materials. In this way, books are given a second life, and our shared space becomes a place for reading, self-education, and meaningful encounters.<br>If you have a book in good condition that you no longer need, we would be happy to accept it as a donation.</p>



<p class="has-text-align-left text-justify">Donated books are used in two ways: some are distributed directly to children and families living in poverty, while others are made available for purchase in the Community Space, helping to support our programs.</p>



<hr class="wp-block-separator has-text-color has-custom-sz-n-2-color has-alpha-channel-opacity has-custom-sz-n-2-background-color has-background is-style-wide" style="margin-top:var(--wp--preset--spacing--30);margin-bottom:var(--wp--preset--spacing--30)"/>



<p class="A Motiváció Közösségi Térben található könyvsarok könyveinek egy része megvásárolható, adományozóink által felajánlott kiadvány, másik pedig helyben olvasható szakkönyv. has-large-font-size"><strong>What can you donate?</strong></p>



<p class="has-text-align-left text-justify">At the moment, we are only able to accept books as donations. Other types of donations can only be accepted following prior consultation.</p>



<p class="has-text-align-left text-justify">Donations can be dropped off exclusively at the Motivation Community Space; unfortunately, we are not able to accept them at our after-school program locations.</p>



<hr class="wp-block-separator has-text-color has-custom-sz-n-2-color has-alpha-channel-opacity has-custom-sz-n-2-background-color has-background is-style-wide" style="margin-top:var(--wp--preset--spacing--30);margin-bottom:var(--wp--preset--spacing--30)"/>



<p class="A Motiváció Közösségi Térben található könyvsarok könyveinek egy része megvásárolható, adományozóink által felajánlott kiadvány, másik pedig helyben olvasható szakkönyv. has-large-font-size"><strong>Compost Drop-Off</strong></p>



<p class="has-text-align-left text-justify">As a partner of <a href="https://www.facebook.com/okotengely.komposztfutar" data-type="link" data-id="https://www.facebook.com/okotengely.komposztfutar">Komposztfutár,</a> the Motivation Community Space also provides an opportunity to drop off compost. Through this initiative, we aim to support environmentally conscious practices within the local community.</p>



<p class="has-text-align-left text-justify">For details about compost drop-off, we recommend checking our contact channels or the Komposztfutár platforms in advance.</p>



<hr class="wp-block-separator has-text-color has-custom-sz-n-2-color has-alpha-channel-opacity has-custom-sz-n-2-background-color has-background is-style-wide" style="margin-top:var(--wp--preset--spacing--30);margin-bottom:var(--wp--preset--spacing--30)"/>



<p class="A Motiváció Közösségi Térben található könyvsarok könyveinek egy része megvásárolható, adományozóink által felajánlott kiadvány, másik pedig helyben olvasható szakkönyv. has-large-font-size"><strong>Key Details</strong></p>



<p class="has-text-align-left text-justify">Location: Motivation Community Space, Szeged, Feketasas u. 28/A<br>Opening hours: Tuesday–Thursday, 10:00 AM–3:00 PM<br>Donations: currently limited to books<br>Contact: <a href="tel:36204440008" data-type="tel" data-id="tel:36204440008">+36204440008</a></p>

<p>A Motiváció Műhely számára az újrahasznosítás és a fenntarthatóság a felelős működés természetes része. A Közösségi Térben lehetőség van használt ruhák és könyvek, valamint a Motiváció Műhely saját fejlesztésű társasjátékainak és kiadványainak a megvásárlására, továbbá a Komposztfutár partnereként komposzt leadására is. Ezekkel a kezdeményezésekkel egyszerre csökkentjük a környezeti terhelést, erősítjük a közösségi szemléletet, és támogatjuk&#8230;</p>
